1.
2939, 4019
List the prime factors of 4001776.
2, 67, 3733
List the prime factors of 1293474.
2, 3, 7, 13, 23, 103
List the prime factors of 1485149.
269, 5521
What are the prime factors of 56023?
11, 463
List the prime factors of 20844328.
2, 263, 9907
What are the prime factors of 7408339?
419, 17681
What are the prime factors of 311490?
2, 3, 5, 3461
List the prime factors of 3039480.
2, 3, 5, 8443
What are the prime factors of 156365?
5, 11, 2843
List the prime factors of 904457.
19, 181, 263
What are the prime factors of 348799?
11, 37, 857
List the prime factors of 993909.
3, 7, 19, 47, 53
List the prime factors of 1068078.
2, 3, 11, 16183
List the prime factors of 546842.
2, 71, 3851
List the prime factors of 1796206.
2, 61, 14723
List the prime factors of 11520374.
2, 1721, 3347
What are the prime factors of 727422?
2, 3, 41, 2957
List the prime factors of 1729485.
3, 5, 23, 557
What are the prime factors of 9636090?
2, 3, 5, 321203
List the prime factors of 271101.
3, 23, 3929
What are the prime factors of 5609066?
2, 19, 147607
What are the prime factors of 128907?
3, 14323
List the prime factors of 2527899.
3, 11, 76603
What are the prime factors of 7051417?
61, 115597
What are the prime factors of 2636053?
7, 23, 2339
What are the prime factors of 1268979?
3, 23, 53, 347
List the prime factors of 6569408.
2, 102647
What are the prime factors of 805034?
2, 402517
What are the prime factors of 391906?
2, 29, 233
What are the prime factors of 232510?
2, 5, 23251
What are the prime factors of 321463?
103, 3121
What are the prime factors of 9228706?
2, 4614353
What are the prime factors of 5005220?
2, 5, 11, 22751
What are the prime factors of 585781?
7, 67, 1249
List the prime factors of 1091039.
43, 25373
List the prime factors of 1655593.
1655593
List the prime factors of 692.
2, 173
What are the prime factors of 521034?
2, 3, 37, 2347
What are the prime factors of 3227567?
7, 23, 20047
What are the prime factors of 2781422?
2, 7, 198673
What are the prime factors of 22269062?
2, 11134531
List the prime factors of 6963577.
61, 114157
List the prime factors of 18490182.
2, 3, 3081697
List the prime factors of 399971.
11, 13, 2797
List the prime factors of 174207.
3, 11, 5279
List the prime factors of 977785.
5, 167, 1171
What are the prime factors of 34037921?
34037921
What are the prime factors of 1064609?
7, 13, 11699
List the prime factors of 839966.
2, 457, 919
What are the prime factors of 1328271?
3, 7, 19, 3329
List the prime factors of 2921322.
2, 3, 23, 21169
What are the prime factors of 506964?
2, 3, 83, 509
List the prime factors of 8107064.
2, 7, 71, 2039
List the prime factors of 64023.
3, 21341
What are the prime factors of 2365531?
7, 89, 3797
What are the prime factors of 1515796?
2, 378949
What are the prime factors of 550532?
2, 137633
What are the prime factors of 3826387?
263, 14549
List the prime factors of 8782701.
3, 761, 3847
List the prime factors of 107897.
107897
What are the prime factors of 42878?
2, 11, 1949
What are the prime factors of 177628?
2, 11, 367
List the prime factors of 17393451.
3, 23, 252079
What are the prime factors of 2159429?
31, 41, 1699
What are the prime factors of 19188344?
2, 7, 277, 1237
What are the prime factors of 2027620?
2, 5, 7, 2069
List the prime factors of 231869.
11, 107, 197
List the prime factors of 812832.
2, 3, 8467
List the prime factors of 1300057.
11, 73, 1619
What are the prime factors of 15653750?
2, 5, 7, 1789
List the prime factors of 141058.
2, 70529
What are the prime factors of 132800?
2, 5, 83
List the prime factors of 631086.
2, 3, 107, 983
List the prime factors of 24382073.
19, 73, 17579
What are the prime factors of 423494?
2, 211747
What are the prime factors of 23888415?
3, 5, 19, 79, 1061
What are the prime factors of 92955?
3, 5, 6197
List the prime factors of 10886951.
929, 11719
What are the prime factors of 456304?
2, 19, 79
What are the prime factors of 249677?
249677
What are the prime factors of 1874234?
2, 97, 9661
List the prime factors of 2065225.
5, 82609
What are the prime factors of 26768470?
2, 5, 2676847
What are the prime factors of 981412?
2, 73, 3361
List the prime factors of 137380.
2, 5, 6869
What are the prime factors of 331305?
3, 5, 13, 1699
List the prime factors of 48458.
2, 24229
List the prime factors of 227622.
2, 3, 59, 643
What are the prime factors of 4283294?
2, 2141647
What are the prime factors of 3800243?
137, 27739
List the prime factors of 137407.
313, 439
List the prime factors of 75367.
75367
List the prime factors of 703210.
2, 5, 70321
What are the prime factors of 137293?
13, 59, 179
List the prime factors of 122292.
2, 3, 43, 79
What are the prime factors of 771052?
2, 17, 23, 29
List the prime factors of 9658648.
2, 1207331
What are the prime factors of 5472026?
2, 7, 55837
List the prime factors of 1213066.
2, 23, 26371
List the prime factors of 859691.
7, 191, 643
What are the prime factors of 708910?
2, 5, 70891
What are the prime factors of 6496753?
199, 32647
What are the prime factors of 2739704?
2, 11, 163, 191
List the prime factors of 276681.
3, 92227
List the prime factors of 236135.
5, 83, 569
List the prime factors of 912219.
3, 7, 11, 359
List the prime factors of 4072164.
2, 3, 439, 773
List the prime factors of 100839.
3, 33613
What are the prime factors of 24442206?
2, 3, 4073701
What are the prime factors of 1480848?
2, 3, 30851
List the prime factors of 29689389.
3, 23, 47809
List the prime factors of 145338.
2, 3, 24223
List the prime factors of 5456993.
5456993
What are the prime factors of 7733516?
2, 7, 179, 1543
List the prime factors of 594760.
2, 5, 14869
What are the prime factors of 28879?
28879
What are the prime factors of 211520?
2, 5, 661
List the prime factors of 253124.
2, 63281
What are the prime factors of 59952?
2, 3, 1249
List the prime factors of 1192389.
3, 11, 23, 1571
What are the prime factors of 17890731?
3, 1237, 1607
List the prime factors of 37722732.
2, 3, 3143561
List the prime factors of 192096.
2, 3, 23, 29
List the prime factors of 13655184.
2, 3, 284483
List the prime factors of 682946.
2, 11, 37, 839
What are the prime factors of 296465?
5, 13, 4561
What are the prime factors of 1813772?
2, 599, 757
List the prime factors of 491840.
2, 5, 29, 53
List the prime factors of 3718747.
1787, 2081
List the prime factors of 4629344.
2, 144667
List the prime factors of 965383.
89, 10847
List the prime factors of 2308147.
83, 27809
What are the prime factors of 2756571?
3, 918857
List the prime factors of 524056.
2, 13, 5039
List the prime factors of 7078706.
2, 1489, 2377
List the prime factors of 1997.
1997
What are the prime factors of 570582?
2, 3, 31699
What are the prime factors of 454888?
2, 7, 8123
List the prime factors of 20777048.
2, 457, 5683
List the prime factors of 2081861.
2081861
List the prime factors of 1690765.
5, 338153
List the prime factors of 1204680.
2, 3, 5, 10039
What are the prime factors of 647586?
2, 3, 35977
What are the prime factors of 441569?
441569
What are the prime factors of 88882?
2, 19, 2339
What are the prime factors of 20591?
59, 349
What are the prime factors of 2316489?
3, 7, 47, 2347
What are the prime factors of 5192866?
2, 7, 370919
List the prime factors of 77458.
2, 38729
What are the prime factors of 231098?
2, 7, 17, 971
What are the prime factors of 318546?
2, 3, 17, 347
List the prime factors of 124748.
2, 13, 2399
What are the prime factors of 8469085?
5, 1693817
List the prime factors of 9011572.
2, 37, 60889
List the prime factors of 753947.
753947
What are the prime factors of 18652157?
73, 197, 1297
What are the prime factors of 4816374?
2, 3, 802729
What are the prime factors of 1687056?
2, 3, 7, 5021
What are the prime factors of 13652126?
2, 6826063
List the prime factors of 6566188.
2, 547, 3001
What are the prime factors of 16670331?
3, 23, 29, 2777
List the prime factors of 394469.
233, 1693
What are the prime factors of 18073895?
5, 7, 73771
List the prime factors of 17173500.
2, 3, 5, 107
What are the prime factors of 574776?
2, 3, 887
What are the prime factors of 1985070?
2, 3, 5, 66169
List the prime factors of 360029.
53, 6793
List the prime factors of 291896.
2, 11, 31, 107
What are the 